{"id":7268,"date":"2023-06-13T09:49:36","date_gmt":"2023-06-13T09:49:36","guid":{"rendered":"https:\/\/fimobje.com.tr\/?page_id=7268"},"modified":"2023-06-13T09:49:36","modified_gmt":"2023-06-13T09:49:36","slug":"cerez-politikasi","status":"publish","type":"page","link":"https:\/\/fimobje.com.tr\/index.php\/cerez-politikasi\/","title":{"rendered":"\u00c7erez Politikas\u0131"},"content":{"rendered":"<p>Fim Obje Marble(\u201cFim Obje\u201d) olarak https:\/\/www.fimobje.com.tr adresindeki internet sitemiz (\u201cSite\u201d) ile mobil uygulamam\u0131z (hepsi birlikte \u201cPlatform\u201d olarak an\u0131lacakt\u0131r) i\u00e7erisinde yer alan baz\u0131 alanlarda \u00e7erezler kullanmaktay\u0131z. Ayr\u0131ca mobil uygulamam\u0131z i\u00e7erisinde, Site\u2019de kullan\u0131lan \u00e7erezlerle benzer i\u015flevlere sahip SDK\u2019lar (Software Development Kit) da kullan\u0131lmaktad\u0131r. Bu \u00c7erez Politikas\u0131 (\u201cPolitika\u201d), Fim Obje taraf\u0131ndan y\u00f6netilen Platform i\u00e7in ge\u00e7erli olup \u00e7erezler ve SDK\u2019lar Politika\u2019da a\u00e7\u0131klanan \u015fekilde kullan\u0131lacakt\u0131r.<\/p>\n<p><strong>Platformumuzda Kullan\u0131lan \u00c7erezlere \u0130li\u015fkin Bilgiler<\/strong><\/p>\n<p><strong>\u00c7erezler;<\/strong><\/p>\n<p>Platform\u2019un \u00e7al\u0131\u015fmas\u0131 i\u00e7in gerekli temel fonksiyonlar\u0131 ger\u00e7ekle\u015ftirmek. \u00d6rne\u011fin, Fim Obje \u00fcyelerinin, \u00fcr\u00fcn sepetindeki \u00fcr\u00fcnlerin ziyaretleri s\u00fcresince kaybolmamas\u0131. Oturum a\u00e7an \u00fcyelerin platform\u2019da farkl\u0131 sayfalar\u0131 ziyaret ederken tekrar \u015fifre girmelerine gerek kalmamas\u0131.<\/p>\n<p>Platform\u2019u analiz etmek ve platform\u2019un performans\u0131n\u0131 artt\u0131rmak. \u00d6rne\u011fin, platform\u2019un \u00fczerinde \u00e7al\u0131\u015ft\u0131\u011f\u0131 farkl\u0131 sunucular\u0131n entegrasyonu, platform\u2019u ziyaret edenlerin say\u0131s\u0131n\u0131n tespit edilmesi ve buna g\u00f6re performans ayarlar\u0131n\u0131n yap\u0131lmas\u0131 ya da ziyaret\u00e7ilerin arad\u0131klar\u0131n\u0131 bulmalar\u0131n\u0131n kolayla\u015ft\u0131r\u0131lmas\u0131.<\/p>\n<p>Platform\u2019un i\u015flevselli\u011fini artt\u0131rmak ve kullan\u0131m kolayl\u0131\u011f\u0131 sa\u011flamak. \u00d6rne\u011fin, platform \u00fczerinden \u00fc\u00e7\u00fcnc\u00fc taraf sosyal medya mecralar\u0131na payla\u015f\u0131mda bulunmak, platform\u2019u ziyaret eden ziyaret\u00e7inin daha sonraki ziyaretinde kullan\u0131c\u0131 ad\u0131 bilgisinin ya da arama sorgular\u0131n\u0131n hat\u0131rlanmas\u0131.<\/p>\n<p>Ki\u015fiselle\u015ftirme, hedefleme ve reklamc\u0131l\u0131k faaliyeti ger\u00e7ekle\u015ftirmek. \u00d6rne\u011fin, ziyaret\u00e7ilerin g\u00f6r\u00fcnt\u00fcledikleri sayfa ve \u00fcr\u00fcnler \u00fczerinden ziyaret\u00e7ilerin ilgi alanlar\u0131yla ba\u011flant\u0131l\u0131 reklam g\u00f6sterilmesi ama\u00e7lar\u0131yla kullan\u0131lmaktad\u0131r.<\/p>\n<p>Teknik \u00e7erezler, platform\u2019un size \u00e7al\u0131\u015f\u0131r bi\u00e7imde sunulabilmesi ad\u0131na 6698 say\u0131l\u0131 Ki\u015fisel Verilerin Korunmas\u0131 Kanunu\u2019nun (\u201cKVKK\u201d) 5. maddesi kapsam\u0131nda belirtilen \u201cbir s\u00f6zle\u015fmenin kurulmas\u0131 veya ifas\u0131 ile do\u011frudan do\u011fruya ilgili olmas\u0131 kayd\u0131yla, s\u00f6zle\u015fmenin taraflar\u0131na ait ki\u015fisel verilerin i\u015flenmesinin gerekli olmas\u0131\u201d hukuki sebeplerine dayal\u0131 olarak i\u015flenmekte iken di\u011fer \u00e7erezler, KVKK\u2019n\u0131n 5. maddesi kapsam\u0131nda belirtilen \u201cilgili ki\u015finin temel hak ve \u00f6zg\u00fcrl\u00fcklerine zarar vermemek kayd\u0131yla, veri sorumlusunun me\u015fru menfaatleri i\u00e7in veri i\u015flemenin zorunlu olmas\u0131\u201d ve i\u015fbu Politika kapsam\u0131nda nas\u0131l y\u00f6netilece\u011fi aktar\u0131lan \u00e7erez tercihlerinizdeki onaylar\u0131n\u0131z hukuki sebeplerine dayal\u0131 olarak i\u015flenmektedir.<\/p>\n","protected":false},"excerpt":{"rendered":"<p>Fim Obje Marble(\u201cFim Obje\u201d) olarak https:\/\/www.fimobje.com.tr adresindeki internet sitemiz (\u201cSite\u201d) ile mobil uygulamam\u0131z (hepsi birlikte \u201cPlatform\u201d olarak an\u0131lacakt\u0131r) i\u00e7erisinde yer<\/p>\n","protected":false},"author":1,"featured_media":0,"parent":0,"menu_order":0,"comment_status":"closed","ping_status":"closed","template":"","meta":{"footnotes":""},"class_list":["post-7268","page","type-page","status-publish","hentry"],"_links":{"self":[{"href":"https:\/\/fimobje.com.tr\/index.php\/wp-json\/wp\/v2\/pages\/7268","targetHints":{"allow":["GET"]}}],"collection":[{"href":"https:\/\/fimobje.com.tr\/index.php\/wp-json\/wp\/v2\/pages"}],"about":[{"href":"https:\/\/fimobje.com.tr\/index.php\/wp-json\/wp\/v2\/types\/page"}],"author":[{"embeddable":true,"href":"https:\/\/fimobje.com.tr\/index.php\/wp-json\/wp\/v2\/users\/1"}],"replies":[{"embeddable":true,"href":"https:\/\/fimobje.com.tr\/index.php\/wp-json\/wp\/v2\/comments?post=7268"}],"version-history":[{"count":1,"href":"https:\/\/fimobje.com.tr\/index.php\/wp-json\/wp\/v2\/pages\/7268\/revisions"}],"predecessor-version":[{"id":7270,"href":"https:\/\/fimobje.com.tr\/index.php\/wp-json\/wp\/v2\/pages\/7268\/revisions\/7270"}],"wp:attachment":[{"href":"https:\/\/fimobje.com.tr\/index.php\/wp-json\/wp\/v2\/media?parent=7268"}],"curies":[{"name":"wp","href":"https:\/\/api.w.org\/{rel}","templated":true}]}}